3037 composite?
False
Is 7069 a prime number?
True
Is 966287 a composite number?
True
Is 100003 a prime number?
True
Is 37543 a prime number?
False
Is 27211 a prime number?
True
Is 3697 composite?
False
Is 6073 a composite number?
False
Is 2551 prime?
True
Is 7993 composite?
False
Is 13849 a prime number?
False
Is 22609 a prime number?
False
Is 4502 prime?
False
Is 33791 a composite number?
False
Is 113143 a prime number?
True
Is 12449 a prime number?
False
Is 67951 composite?
True
Is 1385537 a prime number?
False
Is 2333 composite?
False
Is 59269 a composite number?
True
Is 10513 prime?
True
Is 615295 a prime number?
False
Is 2271 composite?
True
Is 181767 a prime number?
False
Is 598771 a prime number?
False
Is 48851 prime?
False
Is 381742 prime?
False
Is 42193 prime?
True
Is 340757 a composite number?
False
Is 142237 prime?
True
Is 80435 prime?
False
Is 31663 composite?
False
Is 16277 a prime number?
False
Is 100439 composite?
True
Is 2897 composite?
False
Is 1443395 a prime number?
False
Is 336367 a composite number?
True
Is 53477 prime?
False
Is 262 a prime number?
False
Is 2735435 composite?
True
Is 735869 composite?
True
Is 29707 prime?
False
Is 636649 a composite number?
True
Is 28147 composite?
True
Is 13241 a prime number?
True
Is 200801 a composite number?
True
Is 9221 a composite number?
False
Is 62401 a prime number?
True
Is 19181 a composite number?
False
Is 37322 a composite number?
True
Is 110969 prime?
True
Is 6289 composite?
True
Is 376171 a prime number?
True
Is 56569 prime?
True
Is 3817 prime?
False
Is 1129603 prime?
True
Is 1014881 a composite number?
True
Is 7621 a prime number?
True
Is 6751 a composite number?
True
Is 49253 a composite number?
False
Is 35347 prime?
False
Is 7741 composite?
False
Is 10897 a composite number?
True
Is 174017 composite?
False
Is 108137 a prime number?
False
Is 58169 a prime number?
True
Is 18021 a prime number?
False
Is 14981 composite?
True
Is 12799 a prime number?
True
Is 10901 a prime number?
False
Is 5199 composite?
True
Is 139589 prime?
True
Is 24031 a prime number?
False
Is 78947 a prime number?
False
Is 393271 a composite number?
False
Is 2449 a prime number?
False
Is 74123 composite?
True
Is 13283 a prime number?
False
Is 525077 composite?
True
Is 112849 composite?
True
Is 1915 composite?
True
Is 70678 a prime number?
False
Is 215993 prime?
False
Is 37589 composite?
False
Is 10391 a composite number?
False
Is 9733 a prime number?
True
Is 126683 a prime number?
True
Is 88079 prime?
True
Is 46967 a composite number?
True
Is 587815 prime?
False
Is 283033 prime?
False
Is 857471 composite?
False
Is 15441 prime?
False
Is 403703 composite?
False
Is 62609 a prime number?
False
Is 8353 prime?
True
Is 599477 composite?
False
Is 100823 a composite number?
False
Is 17291 prime?
True
Is 93943 composite?
True
Is 1854821 a composite number?
True
Is 10495 a composite number?
True
Is 270407 prime?
True
Is 46009 a prime number?
False
Is 239671 prime?
True
Is 205207 a prime number?
False
Is 273179 a composite number?
True
Is 41371 prime?
False
Is 168509 prime?
False
Is 202307 a prime number?
False
Is 19661 prime?
True
Is 48266 prime?
False
Is 63967 a prime number?
False
Is 41579 a prime number?
True
Is 24943 a composite number?
False
Is 168711 prime?
False
Is 35237 prime?
False
Is 14401 composite?
False
Is 4499 a prime number?
False
Is 733657 prime?
False
Is 231509 prime?
False
Is 255779 a prime number?
False
Is 2413 composite?
True
Is 128211 prime?
False
Is 956537 composite?
True
Is 7495 a prime number?
False
Is 41186 a composite number?
True
Is 34631 prime?
True
Is 7297 composite?
False
Is 773317 a prime number?
True
Is 131618 a composite number?
True
Is 1399903 prime?
False
Is 7789 a composite number?
False
Is 135697 a composite number?
False
Is 5015587 prime?
False
Is 2445619 a composite number?
True
Is 627841 composite?
False
Is 8263 prime?
True
Is 38009 prime?
False
Is 269023 composite?
False
Is 129169 a composite number?
False
Is 192737 a prime number?
True
Is 573241 composite?
True
Is 1635098 a composite number?
True
Is 29999 a prime number?
False
Is 837047 prime?
True
Is 1709 composite?
False
Is 48907 composite?
False
Is 19567 a prime number?
False
Is 21341 a prime number?
True
Is 562297 a composite number?
False
Is 70255 a composite number?
True
Is 5779 a prime number?
True
Is 16607 prime?
True
Is 68723 a composite number?
True
Is 42799 a composite number?
True
Is 12185 a prime number?
False
Is 11789 prime?
True
Is 4897 composite?
True
Is 341423 prime?
True
Is 8039 composite?
False
Is 12149 composite?
False
Is 19441 a prime number?
True
Is 46853 prime?
True
Is 171491 a prime number?
True
Is 22189 a prime number?
True
Is 36739 composite?
False
Is 78707 a prime number?
True
Is 353867 a composite number?
False
Is 230501 a composite number?
False
Is 309223 a composite number?
False
Is 2499311 a prime number?
True
Is 33427 a prime number?
True
Is 24257 a composite number?
True
Is 12689 prime?
True
Is 416669 a prime number?
False
Is 24659 composite?
False
Is 11071 a composite number?
False
Is 14951 prime?
True
Is 26491 a prime number?
False
Is 9527 composite?
True
Is 39857 a prime number?
True
Is 84541 composite?
True
Is 34681 prime?
False
Is 1110077 a prime number?
True
Is 48341 a composite number?
False
Is 476943 a prime number?
False
Is 947771 composite?
True
Is 4703 prime?
True
Is 35759 a prime number?
True
Is 28711 a composite number?
False
Is 30601 a composite number?
True
Is 177883 composite?
False
Is 12055 prime?
False
Is 88919 composite?
False
Is 157249 composite?
True
Is 14491 a composite number?
True
Is 5969 a prime number?
False
Is 586855 a prime number?
False
Is 36881 a composite number?
True
Is 105439 prime?
False
Is 16469 a composite number?
True
Is 38749 a composite number?
False
Is 13567 a composite number?
False
Is 4091 prime?
True
Is 56617 a composite number?
True
Is 100077 a composite number?
True
Is 5227 a composite number?
False
Is 612523 a prime number?
False
Is 12373 a composite number?
False
Is 123997 prime?
True
Is 565689 a composite number?
True
Is 5909 a prime number?
False
Is 5923 prime?
True
Is 118945 composite?
True
Is 675965 a prime number?
False
Is 13001 a composite number?
False
Is 6449 prime?
True
Is 3548957 a prime number?
True
Is 598141 a prime number?
True
Is 3525293 composite?
False
Is 2909141 prime?
True
Is 38891 composite?
False
Is 23417 a prime number?
True
Is 541 a composite number?
False
Is 18982 a composite number?
True
Is 460249 a prime number?
False
Is 89963 a composite number?
False
Is 281659 a composite number?
True
Is 2051 prime?
False
Is 47189 prime?
True
Is 41981 prime?
True
Is 19001 prime?
True
Is 30911 composite?
False
Is 4586 a prime number?
False
Is 1559473 prime?
True
Is 303803 a composite number?
False
Is 45377 a composite number?
False
Is 16637 a composite number?
True
Is 31367 composite?
True
Is 12539 composite?
False
Is 153229 prime?
False
Is 3632051 a composite number?
False
Is 4987 prime?
True
Is 5269 composite?
True
Is 427163 composite?
True
Is 53387 a composite number?
True
Is 1584203 a composite number?
False
Is 11707 a prime number?
False
Is 16161 a composite number?
True
Is 78377 composite?
True
Is 127921 a prime number?
True
Is 798251 prime?
True
Is 3263 composite?
True
Is 2701 a prime number?
False
Is 306473 a composite number?
False
Is 1483507 a prime number?
True
Is 1693 composite?
False
Is 11379 a composite number?
True
Is 15161 composite?
False
Is 22405 prime?
False
Is 54829 composite?
False
Is 467035 prime?
False
Is 809 composite?
False
Is 1254131 a prime number?
True
Is 194309 composite?
False
Is 24529 a composite number?
True
Is 84657 prime?
False
Is 23857 composite?
False
Is 116461 a prime number?
True
Is 240553 a prime number?
False
Is 6437 composite?
True
Is 1636531 a prime number?
False
Is 4897 a composite number?
True
Is 141343 a composite number?
True
Is 15479 a composite number?
True
Is 1835227 a prime number?
True
Is 19207 prime?
True
Is 8609 a composite number?
False
Is 360845 a composite number?
True
Is 1535 prime?
False
Is 69653 a composite number?
False
Is 439517 a prime number?
False
Is 2531 a prime number?
True
Is 3907 a composite number?
False
Is 96353 prime?
True
Is 12889 prime?
True
Is 482521 a prime 